
2, 3, 5, 7016501
What are the prime factors of 6996656145?
3, 5, 29, 499, 32233
List the prime factors of 195713631.
3, 7248653
List the prime factors of 48327011.
191, 421, 601
What are the prime factors of 1755236529?
3, 337, 383, 1511
What are the prime factors of 9581925355?
5, 197, 9727843
What are the prime factors of 42942915?
3, 5, 954287
List the prime factors of 50048271.
3, 7, 13, 53, 1153
List the prime factors of 45113990.
2, 5, 31, 269, 541
List the prime factors of 30807093.
3, 1979, 5189
List the prime factors of 72951111.
3, 167, 5393
List the prime factors of 2185439650.
2, 5, 59, 461, 1607
What are the prime factors of 343942453?
17, 20231909
What are the prime factors of 6104026919?
17, 83, 4326029
What are the prime factors of 1507669?
19, 73, 1087
What are the prime factors of 129902662?
2, 443, 146617
List the prime factors of 186120028.
2, 29, 61, 907
What are the prime factors of 50384115?
3, 5, 163, 6869
What are the prime factors of 2969959111?
7, 23, 18446951
List the prime factors of 48862796.
2, 29, 157, 2683
What are the prime factors of 323824481?
31, 37, 103, 2741
What are the prime factors of 502657669?
502657669
What are the prime factors of 105994932?
2, 3, 17, 79, 6577
List the prime factors of 154879770.
2, 3, 5, 433, 11923
List the prime factors of 193122015.
3, 5, 1721, 7481
List the prime factors of 2844886977.
3, 316098553
List the prime factors of 191853631.
9817, 19543
List the prime factors of 3387445816.
2, 53, 151, 157, 337
What are the prime factors of 2373111926?
2, 1186555963
What are the prime factors of 28591659?
3, 3176851
List the prime factors of 1692388038.
2, 3, 11, 2331113
What are the prime factors of 38302105?
5, 17, 557, 809
List the prime factors of 447260613.
3, 149086871
What are the prime factors of 134874503?
181, 701, 1063
List the prime factors of 1104709543.
7, 443, 356243
List the prime factors of 124235710.
2, 5, 29, 53, 59, 137
What are the prime factors of 474800820?
2, 3, 5, 13, 17, 61, 587
What are the prime factors of 1386730951?
43, 32249557
List the prime factors of 4220556438.
2, 3, 7, 100489439
What are the prime factors of 296429893?
47, 509, 12391
What are the prime factors of 7116328440?
2, 3, 5, 13, 506861
What are the prime factors of 398701899?
3, 37, 399101
What are the prime factors of 6380241569?
13, 490787813
What are the prime factors of 184982593?
17, 857, 12697
List the prime factors of 2243252997.
3, 23, 10836971
List the prime factors of 444782492.
2, 7, 11, 17, 84947
List the prime factors of 7336024.
2, 917003
What are the prime factors of 3263121832?
2, 389, 911, 1151
List the prime factors of 2702956023.
3, 11923, 25189
List the prime factors of 877429301.
7, 31, 229, 17657
List the prime factors of 276113798.
2, 97, 827, 1721
List the prime factors of 1384366871.
197, 7027243
List the prime factors of 363594645.
3, 5, 179, 45139
What are the prime factors of 21552601?
7, 439849
List the prime factors of 32999266.
2, 937, 17609
What are the prime factors of 1413057411?
3, 157006379
List the prime factors of 2971032936.
2, 3, 123793039
What are the prime factors of 32305381?
32305381
What are the prime factors of 633506218?
2, 29, 10922521
List the prime factors of 40610007.
3, 4512223
What are the prime factors of 541885570?
2, 5, 43, 61, 73, 283
List the prime factors of 1316216.
2, 11, 14957
What are the prime factors of 2983125983?
17, 491, 357389
List the prime factors of 2278920026.
2, 107, 499, 21341
What are the prime factors of 233047420?
2, 5, 3359, 3469
What are the prime factors of 779691931?
67, 1439, 8087
List the prime factors of 293597276.
2, 7, 17, 29, 21269
List the prime factors of 103092763.
31, 3325573
List the prime factors of 183155447.
43, 277, 15377
List the prime factors of 27545748.
2, 3, 2295479
List the prime factors of 90098440.
2, 5, 2252461
What are the prime factors of 242107477?
1471, 164587
What are the prime factors of 261067490?
2, 5, 26106749
What are the prime factors of 454189706?
2, 29, 1559, 5023
List the prime factors of 198118852.
2, 19, 103, 25309
List the prime factors of 132416052.
2, 3, 11034671
List the prime factors of 435341660.
2, 5, 13, 1674391
List the prime factors of 77230619.
23, 241, 13933
What are the prime factors of 64672180?
2, 5, 3233609
What are the prime factors of 303023546?
2, 7, 3092077
List the prime factors of 42071549.
13, 17, 190369
What are the prime factors of 34554325?
5, 13, 106321
What are the prime factors of 5132168782?
2, 13, 137, 1440811
What are the prime factors of 192352671?
3, 7, 17, 131, 457
List the prime factors of 1281018880.
2, 5, 250199
List the prime factors of 237486537.
3, 26387393
What are the prime factors of 86453385?
3, 5, 193, 29863
What are the prime factors of 101443808?
2, 3170119
What are the prime factors of 23425281?
3, 11, 61, 431
List the prime factors of 70821317.
7, 1445333
What are the prime factors of 421506518?
2, 210753259
List the prime factors of 75367414.
2, 19, 47, 2221
List the prime factors of 4657954531.
37, 151, 833713
What are the prime factors of 235727415?
3, 5, 7, 11, 7559
What are the prime factors of 1232598701?
1232598701
What are the prime factors of 155019402?
2, 3, 23, 374443
List the prime factors of 24248901.
3, 29, 167, 1669
List the prime factors of 32062243.
877, 36559
What are the prime factors of 1623152834?
2, 241, 467, 7211
List the prime factors of 12663320.
2, 5, 316583
What are the prime factors of 199770190?
2, 5, 19977019
What are the prime factors of 1091207737?
29, 37, 101, 10069
What are the prime factors of 3550528971?
3, 11, 1567, 2543
List the prime factors of 1670198137.
59, 28308443
What are the prime factors of 48646145?
5, 101, 96329
What are the prime factors of 1916027380?
2, 5, 47, 53, 38459
List the prime factors of 748679255.
5, 491, 304961
What are the prime factors of 100941303?
3, 41, 109, 7529
List the prime factors of 874446373.
349, 677, 3701
List the prime factors of 74715699.
3, 463, 53791
What are the prime factors of 24581154?
2, 3, 13, 29, 10867
What are the prime factors of 7241773?
7, 11, 94049
List the prime factors of 44130062.
2, 17, 421, 3083
What are the prime factors of 1164330596?
2, 11, 13, 769, 2647
What are the prime factors of 669551823?
3, 3727, 19961
List the prime factors of 35701709.
35701709
List the prime factors of 86177604.
2, 3, 571, 12577
What are the prime factors of 21568219?
31, 695749
List the prime factors of 3497116708.
2, 229, 3817813
List the prime factors of 53908679.
11, 4900789
What are the prime factors of 827122091?
107, 7730113
List the prime factors of 193871909.
7, 11, 107, 23531
List the prime factors of 39757401.
3, 4417489
List the prime factors of 26457886.
2, 7, 13, 37, 3929
List the prime factors of 114083771.
19, 41, 146449
What are the prime factors of 28508211?
3, 163, 19433
What are the prime factors of 8378081979?
3, 31, 90086903
What are the prime factors of 158093243?
7, 11, 19, 108061
List the prime factors of 210811713.
3, 7, 17, 271, 2179
What are the prime factors of 64106619?
3, 101, 211573
List the prime factors of 9116424.
2, 3, 53, 2389
What are the prime factors of 403000128?
2, 3, 43, 53, 307
List the prime factors of 21758062.
2, 17, 29, 22067
What are the prime factors of 1196340355?
5, 7, 3467, 9859
What are the prime factors of 692272123?
692272123
What are the prime factors of 575742660?
2, 3, 5, 359, 26729
What are the prime factors of 1123849153?
7, 53, 432749
List the prime factors of 1972683683.
19, 103825457
List the prime factors of 1240193390.
2, 5, 1901, 65239
List the prime factors of 1522277237.
13, 117098249
What are the prime factors of 398967439?
13, 163, 188281
List the prime factors of 919987862.
2, 459993931
What are the prime factors of 18842010?
2, 3, 5, 11, 57097
What are the prime factors of 3934114026?
2, 3, 1423, 460777
What are the prime factors of 422902197?
3, 46989133
What are the prime factors of 51626018?
2, 25813009
What are the prime factors of 102559252?
2, 113, 226901
What are the prime factors of 91484741?
91484741
What are the prime factors of 57301606?
2, 19, 241, 6257
List the prime factors of 16494282.
2, 3, 7, 18701
List the prime factors of 414851347.
83, 457, 10937
Lis